{"id":158,"date":"2019-11-03T16:07:00","date_gmt":"2019-11-03T15:07:00","guid":{"rendered":"http:\/\/electrohm.fr\/?page_id=158"},"modified":"2019-11-03T19:52:26","modified_gmt":"2019-11-03T18:52:26","slug":"service-3","status":"publish","type":"page","link":"https:\/\/electrohm.fr\/?page_id=158","title":{"rendered":"\u00c9conomie d&rsquo;\u00e9nergie"},"content":{"rendered":"\n<p>Expertise, apport de conseils et installations de nouveaux \u00e9quipements pour vous aider \u00e0 r\u00e9duire votre facture d&rsquo;\u00e9lectricit\u00e9 (d\u00e9tection des appareils \u00e9nergivores : radiateurs, luminaires&#8230;).<\/p>\n","protected":false},"excerpt":{"rendered":"<p>Expertise, apport de conseils et installations de nouveaux \u00e9quipements pour vous aider \u00e0 r\u00e9duire votre facture d&rsquo;\u00e9lectricit\u00e9 (d\u00e9tection des appareils \u00e9nergivores : radiateurs, luminaires&#8230;).<\/p>\n","protected":false},"author":2,"featured_media":0,"parent":0,"menu_order":4,"comment_status":"closed","ping_status":"closed","template":"templates\/flexible-lite-services.php","meta":{"footnotes":""},"_links":{"self":[{"href":"https:\/\/electrohm.fr\/index.php?rest_route=\/wp\/v2\/pages\/158"}],"collection":[{"href":"https:\/\/electrohm.fr\/index.php?rest_route=\/wp\/v2\/pages"}],"about":[{"href":"https:\/\/electrohm.fr\/index.php?rest_route=\/wp\/v2\/types\/page"}],"author":[{"embeddable":true,"href":"https:\/\/electrohm.fr\/index.php?rest_route=\/wp\/v2\/users\/2"}],"replies":[{"embeddable":true,"href":"https:\/\/electrohm.fr\/index.php?rest_route=%2Fwp%2Fv2%2Fcomments&post=158"}],"version-history":[{"count":4,"href":"https:\/\/electrohm.fr\/index.php?rest_route=\/wp\/v2\/pages\/158\/revisions"}],"predecessor-version":[{"id":225,"href":"https:\/\/electrohm.fr\/index.php?rest_route=\/wp\/v2\/pages\/158\/revisions\/225"}],"wp:attachment":[{"href":"https:\/\/electrohm.fr\/index.php?rest_route=%2Fwp%2Fv2%2Fmedia&parent=158"}],"curies":[{"name":"wp","href":"https:\/\/api.w.org\/{rel}","templated":true}]}}